-39 + u. Is 21 a factor of 5/j*256 - (-1 + 2)?
False
Let b be ((-11)/(660/252))/(1/(-35)). Suppose 16 = 4*h, -h - 563 + b = -5*r. Is 14 a factor of r?
True
Is -33 + 18 + 693 + -3 a multiple of 15?
True
Suppose 3*v - 4163 = -2*b + 4369, 5*b = -4*v + 21316. Is 5 a factor of b?
True
Let u = -8 - 7. Let g(x) be the third derivative of -x**4/6 - 9*x**3 + 35*x**2 - 2. Is 6 a factor of g(u)?
True
Let f(v) be the second derivative of 4*v**3/3 - 71*v**2 - 2*v - 73. Is 3 a factor of f(23)?
True
Suppose -8*d + 7*d - w + 1 = 0, 5*d = w + 17. Does 51 divide (-163 - d)*(45/6)/(-3)?
False
Suppose 383 = p - 532. Suppose 13*r = 138 + p. Let s = r + -7. Is 16 a factor of s?
False
Let b(q) = 467*q - 1955. Is 2 a factor of b(6)?
False
Let v(y) = 2*y**2 - 9*y + 68. Let o be v(5). Suppose -84*a + o*a = -3157. Is 29 a factor of a?
False
Suppose 3*h - 4093 = -4*r, 2039 = 2*r - 0*h + 3*h. Let t = 1104 - r. Does 15 divide t?
False
Suppose -59 = -u - 2*p - 3, -2*u = -2*p - 94. Suppose -4*m + u = 2*j, -m - 12 = 2*m. Suppose -30 = j*l - 35*l. Is l a multiple of 3?
True
Is ((-754)/174)/(2/(-2358)) a multiple of 34?
False
Let r be -39*((-28)/(-6))/(-7). Suppose -5*a - 2 = 5*l - 7, 2*a - 5*l + r = 0. Is 12 a factor of a/(36/52)*-6?
False
Let z(v) = -169*v + 80. Let d(p) = -33*p + 16. Let l(c) = -11*d(c) + 2*z(c). Suppose -i + 7 = -0*i. Does 23 divide l(i)?
False
Let x be 7 - -1 - (24 - 18). Suppose -r = d - 853, d + 3*r = -x*r + 861. Is 35 a factor of d?
False
Let m = 1575 - 299. Suppose m = -o + 12*o. Is o a multiple of 7?
False
Let c(t) = 2*t**3 - 3*t**2 - 15*t + 9. Let y be c(4). Suppose y*d - 37*d = -760. Is 19 a factor of d?
True
Suppose 3*p = -2*a + 24346, 18897 = 3*p + a - 5453. Is p a multiple of 82?
True
Let b = 2 - 247. Let x = -446 - b. Let g = -64 - x. Is g a multiple of 10?
False
Suppose 0 = -f - 5*a + 8580, -10*f = -8*f - 2*a - 17208. Is f a multiple of 86?
True
Let x(n) = 2*n**2 + 82*n + 101. Let p(c) = -c - 38. Let f be p(3). Is 9 a factor of x(f)?
False
Let k = 135 + -2419. Let v = k - -3927. Is v a multiple of 42?
False
Let d(z) = 2*z**2 + 184*z - 49. Is 23 a factor of d(17)?
True
Suppose -20*o = -76 - 24. Suppose o*l = -3*d + 462 - 90, 248 = 2*d + 2*l. Does 21 divide d?
False
Let g(k) = -5*k**3 + 237*k**2 - 76*k + 69. Does 4 divide g(46)?
False
Suppose 2*s + 35498 = 3*p, -s = 5*p - 42343 - 16803. Is 63 a factor of p?
False
Let b be (24/10)/((-5)/25). Let l = b - -18. Suppose -l*x + 522 = -0*x. Is 29 a factor of x?
True
Suppose -9 - 12 = -3*q. Let o(i) = 2*i**3 - 9*i**2 + 17*i - 12. Is 44 a factor of o(q)?
True
Let t(c) = -37*c**2 + 1 + 4 - 28*c + 9*c**3 + 10*c**2 - 10*c**3. Is 19 a factor of t(-26)?
True
Suppose 69*l + 16*l - 577966 = -4*l. Is l a multiple of 34?
True
Suppose 5*g = -2*l - 112, l + 6*g + 50 = 2*g. Let f(b) = -11*b**2 + 4*b - 3. Let q be f(2). Let z = q - l. Is z a multiple of 5?
False
Let q = 11718 + -6108. Suppose -32*w - q + 15562 = 0. Is 12 a factor of w?
False
Suppose -843*t = -888*t + 810360. Is t a multiple of 26?
False
Suppose 5*r + 5*z + 4 = 6*r, 0 = -r + 4*z + 4. Suppose -3*t - r*t + 2653 = 0. Is 9 a factor of t?
False
Suppose 3*w - 32 = w. Suppose -36 + w = -5*z. Suppose -3*l + z*i - 10 = -100, 2*i = 0. Is 5 a factor of l?
True
Suppose -f - 3664 = -5*v, 3*v - 2*f - 1735 = 469. Suppose -v = -25*t + 943. Is t a multiple of 46?
False
Suppose -2*p - 14 = -58. Suppose -5 + p = b. Suppose -13*z - 576 = -b*z. Is 6 a factor of z?
True
Let y(r) be the second derivative of 121*r**3/6 - 2*r**2 + 13*r. Does 17 divide y(1)?
False
Suppose 5*o + 20199 = 3*f - 0*o, 24 = -4*o. Is f a multiple of 83?
True
Suppose 0 = -28*k - 80302 + 228422. Does 10 divide k?
True
Let s(u) = 66*u**2 - 20*u + 324. Is s(14) a multiple of 187?
False
Let r be ((-3)/3 - -3)*(-5 - 11). Let t = 42 + r. Suppose c = 2*x - 22, -t = -2*x + 5*c + 12. Is 4 a factor of x?
False
Let c = 3196 - -8803. Does 20 divide c?
False
Suppose -4*l + 3*w + 9 = 0, 0 = l - 6*l - 5*w + 20. Suppose -a - 2*o + 47 = 0, -14*a + 13*a + 67 = -l*o. Is a a multiple of 11?
True
Let p(c) = 52*c**2 - 39*c + 28. Does 11 divide p(-4)?
False
Suppose 3228 = 20*t - 4132. Suppose 0 = g - t - 304. Is g a multiple of 16?
True
Let h be 6/(-10) + 224/40. Suppose 0*o - 10*o + 40 = 0. Is 29 a factor of (58/o)/(h/70)?
True
Let i = 7835 + -6134. Does 3 divide i?
True
Suppose 5*j = -q + 8626 + 75051, 3*q = 6. Does 179 divide j?
False
Let r = -495 + 10328. Does 13 divide r?
False
Let u(c) = c**3 - 7*c**2 + 8*c - 7. Let y be u(6). Suppose y*f + 36 = 56. Suppose 2*g = 4*k - 426, f*g + 134 - 426 = -3*k. Is 13 a factor of k?
True
Let t be 3 - ((-2)/4 - (-48)/(-32)). Suppose 0 = t*n + 5*o - 995, 789 = -7*n + 11*n - 3*o. Does 18 divide n?
True
Suppose 72*q - 2582 = 70*q + 2*m, 4*q - 5139 = -m. Is q a multiple of 7?
False
Let k = 7062 - 3187. Does 151 divide k?
False
Let v(q) = -5*q**2 - 3 - 8 + 5*q**2 - 14*q + q**2. Let x be v(15). Suppose 7*s - x*s = 54. Does 3 divide s?
True
Suppose 2*i - i - f = 12, -3*f = 4*i - 20. Let u = 82 + i. Is u a multiple of 10?
True
Suppose 0 = -l + 5*y + 14, -2*l + l + 6 = -y. Suppose 5*m - 15 = 0, l*m + 1103 - 372 = h. Is 9 a factor of h?
False
Suppose -5*h - 2*m = -3*h + 4, 2*h + 2 = -4*m. Let p be (h/18 - (-11)/(-6))/(-2). Is -1*9*p/((-3)/15) a multiple of 5?
True
Suppose -3*d + 4*a = -8, -5*a = -3*d - 0*a + 7. Suppose 25 = 4*o + d*x - 15, -4*x - 48 = -4*o. Suppose o*v - 5*v = 108. Is v a multiple of 8?
False
Suppose -3*v - v = 4*o - 3860, -3860 = -4*o + 5*v. Is o a multiple of 5?
True
Suppose -6 = -3*h, -6*n + 4*n - 3*h = 864. Let x = n + 1469. Is x a multiple of 28?
False
Let d = -104 + 104. Suppose d = 4*w - 1222 - 3914. Is w a multiple of 12?
True
Suppose 6*q = -4079 - 6127. Let p = 3444 + q. Does 21 divide p?
True
Suppose v = j + 8, -j + 2*v + 3*v = 20. Does 7 divide (-6)/2 + (j - (-3 + -92))?
False
Let h(y) = 31 - 12 - 45*y + 42*y. Let m be h(5). Suppose -m*s = -2*s - 342. Is s a multiple of 36?
False
Let h = -3250 - -17956. Is 43 a factor of h?
True
Suppose 0 = -n - 4*f, 0 = -n - 0*f - 5*f. Let l(k) = -k**3 - 9*k**2 - 6*k - 47. Let z be l(-11). Suppose -3*s - 3 = 0, -4*t + n*t + z = 3*s. Does 22 divide t?
True
Is 6/6*-196*(-44)/4 a multiple of 44?
True
Suppose 2*b + 5*l + 28 = 7, -5*b = -2*l - 20. Suppose 0*c + b*c = -2*c. Suppose c = 4*f - p - 303, 356 = 4*f + p + 59. Is 15 a factor of f?
True
Suppose -3*w + 6 = 0, 18*k - 5398 = 16*k - 3*w. Is k a multiple of 4?
True
Suppose 4*n = -n - 1160. Is 9 a factor of ((-18)/12)/(3/n)?
False
Is 23 + 2510/(-110) - ((-42117)/11 + -1) a multiple of 147?
False
Let g be 20/(-15)*(1 + (-10)/4). Suppose -g*o - 2 = -3*o. Suppose -134 = -o*c - 6. Does 16 divide c?
True
Let p(u) = -u**2 - 82*u - 90. Is p(-54) a multiple of 45?
False
Let q = 2504 - 1892. Does 68 divide q?
True
Let r be 2/15 + (-13)/(1365/(-2296)). Let s(k) = -k**2 + 26*k - 52. Is s(r) a multiple of 36?
True
Suppose 4*i = -5*v + 25040, -123*v + 124*v = 0. Does 84 divide i?
False
Suppose 67155 - 9242 + 47543 = 16*w. Is 39 a factor of w?
True
Let q = -8969 + 9136. Does 9 divide q?
False
Let q be -34 + 14 - (-10)/2. Is 48 a factor of q/(-18) - 33177/(-18)?
False
Let m(s) = 22*s + 10. Let k be m(0). Let l be (-1)/((-2)/(-16)) + -1. Is 8 a factor of (l + 59)*8/k?
True
Let q be ((2 - 4) + 1)*0/(-6). Is 41 a factor of (-697 - q)*(-59 - -58)?
True
Let b = -162520 - -231879. Is 41 a factor of b?
False
Let a(i) = -15766*i - 859. Is 32 a factor of a(-3)?
False
Suppose -92*l - 37002 = -77*l - 57*l. Is 11 a factor of l?
False
Let l(g) = 2*g**2 + 7*g - 5 - 4 + 14*g. Suppose 834 - 951 = 9*d. Does 4 divide l(d)?
True
Suppose -135 = -5*j - 0*j. Suppose 0 = 37*r - j*r - 750. Is 73 a factor of r?
False
Let f(j) = -j**2 - 4*j + 8. Let d be f(-4). Suppose 0 = 29*s - d*s - 22134. Is 96 a factor of s?
False
Suppose 5*m = 5*l + 44440, 3*m + l + 11210 - 37890 = 0. Does 114 divide m?
True
Let y(b) = -279*b - 1701. Is 105 a factor of y(-19)?
False
Suppose 2*k - 1578 = 3*v, -104 = v + 5*k + 422. Let z = v - -1115. Is 19 a factor of z?
True
Let f(n) = -2*n**3 - 12*n**2 + 4*n + 26. Let o be f(-6). Suppose -r + o*r - j = 51, r = -j + 53. Is 13 a factor of r?
True
Let p = -259 + 262. Is (132*-9 - p)/(-1) a multiple of 20?
False
Suppose -5*w = 33 + 7. Let j(l) = l + 10. Let c be j(w). Let d(k) = 27*k**2 - 2*k - 2. Does